{"id":272,"date":"2026-04-01T14:45:35","date_gmt":"2026-04-01T13:45:35","guid":{"rendered":"http:\/\/dommandaryna.pl\/?page_id=272"},"modified":"2026-05-11T22:19:49","modified_gmt":"2026-05-11T21:19:49","slug":"kontakt","status":"publish","type":"page","link":"https:\/\/test.dommandaryna.pl\/?page_id=272","title":{"rendered":"Kontakt"},"content":{"rendered":"\n<div class=\"dm-contact-layout\">\n\n  <div class=\"dm-contact-content\">\n\n    <h1>Kontakt<\/h1>\n\n    <p>\n      W przypadku pyta\u0144 dotycz\u0105cych produkt\u00f3w, zam\u00f3wie\u0144 lub wsp\u00f3\u0142pracy prosimy o kontakt drog\u0105 mailow\u0105.\n    <\/p>\n\n    <hr>\n\n    <h2>Dom Mandaryna<\/h2>\n\n    <p>\n      E-mail: <a href=\"mailto:kontakt@dommandaryna.pl\">kontakt@dommandaryna.pl<\/a>\n    <\/p>\n\n    <p>\n      Odpowiadamy zwykle w ci\u0105gu 1\u20132 dni roboczych.\n    <\/p>\n\n    <hr>\n\n    <h2>Informacje<\/h2>\n\n    <p>\n      Wi\u0119kszo\u015b\u0107 oferowanych przedmiot\u00f3w to pojedyncze egzemplarze starannie wyselekcjonowane z my\u015bl\u0105 o kolekcjonerach i mi\u0142o\u015bnikach kultury Azji.\n    <\/p>\n\n    <p>\n      W przypadku pyta\u0144 dotycz\u0105cych konkretnego obiektu ch\u0119tnie udzielimy dodatkowych informacji lub prze\u015blemy dodatkowe zdj\u0119cia.\n    <\/p>\n\n  <\/div>\n\n  <div class=\"dm-contact-image\">\n    <img decoding=\"async\" src=\"https:\/\/test.dommandaryna.pl\/wp-content\/uploads\/2026\/05\/punca-9.png\" alt=\"Dom Mandaryna\">\n  <\/div>\n\n<\/div>\n\n\n\n<p><\/p>\n","protected":false},"excerpt":{"rendered":"<p>Kontakt W przypadku pyta\u0144 dotycz\u0105cych produkt\u00f3w, zam\u00f3wie\u0144 lub wsp\u00f3\u0142pracy prosimy o kontakt drog\u0105 mailow\u0105. Dom Mandaryna E-mail: kontakt@dommandaryna.pl Odpowiadamy zwykle w ci\u0105gu 1\u20132 dni roboczych. Informacje Wi\u0119kszo\u015b\u0107 oferowanych przedmiot\u00f3w to pojedyncze egzemplarze starannie wyselekcjonowane z my\u015bl\u0105 o kolekcjonerach i mi\u0142o\u015bnikach kultury Azji. W przypadku pyta\u0144 dotycz\u0105cych konkretnego obiektu ch\u0119tnie udzielimy dodatkowych informacji lub prze\u015blemy dodatkowe [&hellip;]<\/p>\n","protected":false},"author":1,"featured_media":0,"parent":0,"menu_order":0,"comment_status":"closed","ping_status":"closed","template":"","meta":{"_acf_changed":false,"footnotes":""},"class_list":["post-272","page","type-page","status-publish","hentry"],"blocksy_meta":[],"acf":[],"_links":{"self":[{"href":"https:\/\/test.dommandaryna.pl\/index.php?rest_route=\/wp\/v2\/pages\/272","targetHints":{"allow":["GET"]}}],"collection":[{"href":"https:\/\/test.dommandaryna.pl\/index.php?rest_route=\/wp\/v2\/pages"}],"about":[{"href":"https:\/\/test.dommandaryna.pl\/index.php?rest_route=\/wp\/v2\/types\/page"}],"author":[{"embeddable":true,"href":"https:\/\/test.dommandaryna.pl\/index.php?rest_route=\/wp\/v2\/users\/1"}],"replies":[{"embeddable":true,"href":"https:\/\/test.dommandaryna.pl\/index.php?rest_route=%2Fwp%2Fv2%2Fcomments&post=272"}],"version-history":[{"count":8,"href":"https:\/\/test.dommandaryna.pl\/index.php?rest_route=\/wp\/v2\/pages\/272\/revisions"}],"predecessor-version":[{"id":463,"href":"https:\/\/test.dommandaryna.pl\/index.php?rest_route=\/wp\/v2\/pages\/272\/revisions\/463"}],"wp:attachment":[{"href":"https:\/\/test.dommandaryna.pl\/index.php?rest_route=%2Fwp%2Fv2%2Fmedia&parent=272"}],"curies":[{"name":"wp","href":"https:\/\/api.w.org\/{rel}","templated":true}]}}